{"id":199,"date":"2018-03-13T18:18:09","date_gmt":"2018-03-13T17:18:09","guid":{"rendered":"https:\/\/bioinfo.cipf.es\/ubb\/?page_id=199"},"modified":"2026-04-07T13:46:38","modified_gmt":"2026-04-07T12:46:38","slug":"projects","status":"publish","type":"page","link":"https:\/\/bioinfo.cipf.es\/cbl\/projects\/","title":{"rendered":"Projects"},"content":{"rendered":"\n<hr class=\"wp-block-separator has-alpha-channel-opacity\" id=\"block-6d812c3f-1b57-4b29-a67a-8c315938642f\"\/>\n\n\n<h1><span style=\"color: #0000ff;\">MultiMBM,\u00a0 <\/span><span style=\"color: #0000ff;\">DifNerOmics,\u00a0 CellsNer,\u00a0<\/span><span style=\"color: #0000ff;\">eCAN Plus<\/span><\/h1>\n<hr \/>\n<h2><span style=\"color: #0000ff;\">MultiMBM<\/span><\/h2>\n<h3><span style=\"color: #000000;\"><strong>Novel computational strategies for the identification of a multi-omics signature for diagnosis and prognosis in melanoma with brain metastases <\/strong><\/span><\/h3>\n<p><span style=\"color: #000000;\">Patients with metastatic melanoma have one of the highest frequencies of brain metastases when compared to patients with other cancers. In addition, they are less responsive to therapies and have the highest morbidity and mortality of melanoma patients. They currently have few clinical options and knowledge about their mechanisms of function is still limited. We need to know more about the progress of this disease, and for this purpose <strong>MultiMBM<\/strong> proposes a powerful strategy that reviews, analyses, summarises and validates in a robust way, all the information available in public databases. This will allow us to find direct and reliable clues to help diagnose and treat patients in a more personalised way, taking into account the specific characteristics of each individual.<\/span><\/p>\n<hr \/>\n<p><span style=\"color: #000000;\"><strong>Publications<\/strong>:<\/span><\/p>\n<ol>\n<li><em><a href=\"https:\/\/www.jidonline.org\/article\/S0022-202X(24)02149-3\/fulltext\">Unveiling common transcriptomic features between melanoma brain metastases and neurodegenerative diseases<\/a><\/em>.\u00a0<span style=\"color: #000000;\">I Soler-S\u00e1ez, A Karz, MR Hidalgo, B G\u00f3mez-Caba\u00f1es, A L\u00f3pez-Cerd\u00e1n, JF Catal\u00e0-Senent, K Prutisto-Chang, NM Eskow, B Izar, T Redmer, S Kumar, MA Davies, M de la Iglesia-Vay\u00e1, E Hernando<sup>*<\/sup>, F Garc\u00eda-Garc\u00eda<sup>*<\/sup>.\u00a0<em><strong>Journal of Investigative Dermatology<\/strong>\u00a02024 Sep 24<\/em>,\u00a0<em>doi: 10.1016\/j.jid.2024.09.005<\/em><\/span><\/li>\n<li><a href=\"https:\/\/doi.org\/10.1101\/2023.10.20.563284\"><em>Novel diagnosis- and progression-related microRNA signatures in melanoma<\/em><\/a>. <span style=\"color: #000000;\">H G\u00f3mez-Mart\u00ednez, B Gomez-Caba\u00f1es, A Lop\u00e9z-Cerdan, E Hernando*, F Garcia-Garcia*<strong>.\u00a0<\/strong><em>bioRxiv<\/em> 2024 Oct 6. <em><span style=\"color: #000000;\">doi:<\/span>\u00a0<\/em><\/span><a href=\"https:\/\/doi.org\/10.1101\/2023.10.20.563284\" data-type=\"URL\" data-id=\"https:\/\/doi.org\/10.1101\/2023.10.20.563284\">https:\/\/doi.org\/10.1101\/2023.10.20.563284<\/a><\/li>\n<\/ol>\n<p><span style=\"color: #000000;\"><strong style=\"font-size: revert;\">Last congress contributions<\/strong><span style=\"font-size: revert;\">:<\/span><\/span><\/p>\n<ol>\n<li><span style=\"color: #000000;\"><em>Melanoma biomarkers identification using novel computational strategies.\u00a0<\/em><\/span><a href=\"https:\/\/www.scs2023.iscbsc.org\/\">ISCB-SCS 19th Student Council Symposium on July 23rd, 2023. Lyon, France<\/a>.\u00a0<span style=\"color: #000000;\">\u00a0H G\u00f3mez-Mart\u00ednez, A L\u00f3pez-Cerd\u00e1n,\u00a0 G Ant\u00f3n-Bernat, E Hernando, F Garc\u00eda-Garc\u00eda.<\/span><\/li>\n<li><span style=\"color: #000000;\"><em>Multi-omic signature for the diagnosis in melanoma brain metastases.\u00a0<\/em><\/span><a href=\"https:\/\/www.scs2023.iscbsc.org\/\">ISCB-SCS 19th Student Council Symposium on July 23rd, 2023. Lyon, France<\/a>.\u00a0<span style=\"color: #000000;\">G Ant\u00f3n-Bernat, H G\u00f3mez-Mart\u00ednez, C Perpi\u00f1\u00e1-Cl\u00e9rigues, C Mag\u00e1n,\u00a0 E Hernando, F Garc\u00eda-Garc\u00eda.<\/span><\/li>\n<li><em><span style=\"color: #000000;\">Common hallmarks between melanoma brain metastases and Alzheimer\u2019s disease.<\/span>\u00a0<\/em><a href=\"https:\/\/www.scs2023.iscbsc.org\/\">ISCB-SCS 19th Student Council Symposium on July 23rd, 2023. Lyon, France<\/a>.<span style=\"color: #000000;\"> I Soler-S\u00e1ez, A Karz, A L\u00f3pez-Cerd\u00e1n, JF Catal\u00e0-Senent, G Ant\u00f3n-Bernat, M de la Iglesia-Vay\u00e1, MR Hidalgo, E Hernando, F Garc\u00eda-Garc\u00eda.<\/span><\/li>\n<\/ol>\n<p><strong><span style=\"color: #000000;\">Media:\u00a0<\/span> <\/strong><\/p>\n<ul>\n<li><a href=\"https:\/\/www.youtube.com\/watch?v=MY1h_JAqV2E\">Melanoma and brain metastases: cutting-edge technologies for more accurate diagnosis and treatment (video)<\/a><\/li>\n<\/ul>\n<p><span style=\"color: #000000;\">Thanks to \u00abAsociaci\u00f3n Espa\u00f1ola Contra el C\u00e1ncer\u00bb.<\/span><\/p>\n<p>\u00a0<\/p>\n<hr \/>\n<h2><span style=\"color: #0000ff;\">DifNerOmics<\/span><\/h2>\n<h3><span style=\"color: #000000;\"><strong>Study of sex differences in neurodegenerative diseases with integrative approaches of omics data and biomedical imaging<\/strong><\/span><\/h3>\n<p><span style=\"font-weight: 400; color: #000000;\">There are important clinical and epidemiological differences between males and females in many neurodegenerative disorders. The high incidence of these diseases in an increasingly ageing population has intensified the interest and need to understand the relevance of sex in their progression and treatment. In this project, we present a novel characterisation of sex differences in neurodegenerative diseases (Alzheimer Disease, Parkinson Disease and multiple sclerosis), through various computational strategies based on omics, medical imaging, drug repurposing and their integration, with the aim of deepening the understanding of the molecular basis of these pathologies.<\/span><\/p>\n<h3><img decoding=\"async\" loading=\"lazy\" class=\" wp-image-1221 aligncenter\" src=\"https:\/\/bioinfo.cipf.es\/cbl\/wp-content\/uploads\/2023\/08\/PlanNacional2021_neuro-300x237.png\" alt=\"\" width=\"823\" height=\"650\" srcset=\"https:\/\/bioinfo.cipf.es\/cbl\/wp-content\/uploads\/2023\/08\/PlanNacional2021_neuro-300x237.png 300w, https:\/\/bioinfo.cipf.es\/cbl\/wp-content\/uploads\/2023\/08\/PlanNacional2021_neuro-1024x809.png 1024w, https:\/\/bioinfo.cipf.es\/cbl\/wp-content\/uploads\/2023\/08\/PlanNacional2021_neuro-768x607.png 768w, https:\/\/bioinfo.cipf.es\/cbl\/wp-content\/uploads\/2023\/08\/PlanNacional2021_neuro-1366x1080.png 1366w, https:\/\/bioinfo.cipf.es\/cbl\/wp-content\/uploads\/2023\/08\/PlanNacional2021_neuro.png 1431w\" sizes=\"(max-width: 823px) 100vw, 823px\" \/><\/h3>\n<p>\u00a0<\/p>\n<hr \/>\n<p><span style=\"color: #000000;\"><strong>Publications<\/strong>:<\/span><\/p>\n<ol>\n<li><a href=\"https:\/\/www.sciencedirect.com\/science\/article\/pii\/S0969996123001274\"><em>A Deep Transcriptome Meta-Analysis Reveals Sex Differences in Multiple Sclerosis<\/em><\/a><span style=\"color: initial;\"><em>.<\/em> <span style=\"color: #000000;\">JF Catal\u00e0-Senent, Z Andreu, MR Hidalgo, I Soler-S\u00e1ez, FJ Roig Molina, N Yanguas-Cas\u00e1s, A Neva-Alejo, A L\u00f3pez-Cerd\u00e1n, , M de la Iglesia-Vay\u00e1, F Garc\u00eda-Garc\u00eda*.\u00a0<\/span><\/span><span style=\"color: #000000;\"><em><strong>Neurobiology of Disease<\/strong>, 2023 Apr 5; 181:106113,\u00a0 doi: https:\/\/doi.org\/10.1016\/j.nbd.2023.106113<\/em><\/span><\/li>\n<li><a href=\"https:\/\/bsd.biomedcentral.com\/articles\/10.1186\/s13293-022-00477-5\"><em>Unveiling sex-based differences in Parkinson Disease: a comprehensive meta-analysis of transcriptomic studies<\/em><\/a><span style=\"color: initial;\">. <span style=\"color: #000000;\">A L\u00f3pez-Cerd\u00e1n, Z Andreu, MR Hidalgo, R Grillo-Risco, JF Catal\u00e0-Senent, I Soler-S\u00e1ez, A Neva-Alejo, F Gordillo, M de la Iglesia Vaya, F Garcia-Garcia*.\u00a0<\/span><\/span><span style=\"color: #000000;\"><em><strong>Biology of Sex Differences<\/strong>\u00a0<\/em>2022 Nov 22;13(1):68. <em>doi:\u00a0<\/em>\u00a0<em>10.1186\/s13293-022-00477-5<\/em><\/span><\/li>\n<li><a href=\"https:\/\/bsd.biomedcentral.com\/articles\/10.1186\/s13293-024-00588-1\"><em>The role of microRNAs to understand sex-based differences in Alzheimer\u2019s disease<\/em><\/a><span style=\"color: initial;\">. <span style=\"color: #000000;\">J Llera-Oyola, H Carceller, Z Andreu, MR Hidalgo, I Soler-S\u00e1ez, F Gordillo, B G\u00f3mez-Caba\u00f1es, B Roson, M de la Iglesia-Vay\u00e1, R Mancuso, FR Guerini, A Mizokami, F Garcia-Garcia*.\u00a0<\/span><\/span><span style=\"color: #000000;\"><em><strong>Biology of Sex Differences\u00a0<\/strong>2024 Jan 31. doi:\u00a0<\/em><\/span><a href=\"https:\/\/doi.org\/10.1186\/s13293-024-00588-1\">https:\/\/doi.org\/10.1186\/s13293-024-00588-1<\/a><\/li>\n<li>\u00a0<em><a href=\"https:\/\/pubmed.ncbi.nlm.nih.gov\/39009097\/\">An integrated approach to identify sex-specific genes, transcription factors, and pathways in Alzheimer\u2019s disease.<\/a><\/em><span style=\"color: initial;\">\u00a0<span style=\"color: #000000;\">A L\u00f3pez-Cerd\u00e1n<\/span><\/span><span style=\"color: #000000;\"><sup>\u2020<\/sup>, Z Andreu<sup>\u2020<\/sup>, MR Hidalgo, I Soler-Sa\u00e9z, M de la Iglesia-Vay\u00e1, A Mikozami, FR Guerini, F Garc\u00eda-Garc\u00eda<sup>*<\/sup>.\u00a0\u00a0<strong><em>Neurobiology of Disease\u00a0<\/em><\/strong><em>2024<\/em><em> Jul\u00a0<\/em><em>14.<\/em>\u00a0\u00a0<em>doi:\u00a0<\/em><\/span><a href=\"https:\/\/doi.org\/10.1016\/j.nbd.2024.106605\" target=\"_blank\" rel=\"noreferrer noopener\">10.1016\/j.nbd.2024.106605<\/a><\/li>\n<li><a href=\"https:\/\/rdcu.be\/dSb0R\"><em>MetaFun: Unveiling sex differences in multiple omics studies through comprehensive functional meta-analysis<\/em><\/a>.\u00a0\u00a0<span style=\"color: #000000;\">P Malmierca-Merlo, R Sanchez-Garcia, R Grillo-Risco, I Perez-Diez, JF Catal\u00e0-Senent, S Leon, H Gomez-Martinez, M de la Iglesia-Vaya, MR Hidalgo*, F Garcia-Garcia*.\u00a0<em><strong>Biology of Sex Differences\u00a0<\/strong>2024 Aug<strong>. <\/strong><span style=\"color: #000000;\">doi:\u00a0<\/span><a href=\"https:\/\/doi.org\/10.1186\/s13293-024-00640-0\">https:\/\/doi.org\/10.1186\/s13293-024-00640-0<\/a><\/em><\/span><\/li>\n<li><a href=\"https:\/\/www.jidonline.org\/article\/S0022-202X(24)02149-3\/fulltext\"><em>Unveiling common transcriptomic features between melanoma brain metastases and neurodegenerative diseases<\/em><\/a>.\u00a0<span style=\"color: #000000;\">I Soler-S\u00e1ez, A Karz, MR Hidalgo, B G\u00f3mez-Caba\u00f1es, A L\u00f3pez-Cerd\u00e1n, JF Catal\u00e0-Senent, K Prutisto-Chang, NM Eskow, B Izar, T Redmer, S Kumar, MA Davies, M de la Iglesia-Vay\u00e1, E Hernando<sup>*<\/sup>, F Garc\u00eda-Garc\u00eda<sup>*<\/sup>.\u00a0<em><strong>Journal of Investigative Dermatology<\/strong>\u00a02024 Sep 24<\/em>,\u00a0<em>doi: 10.1016\/j.jid.2024.09.005<\/em><\/span><\/li>\n<li><em><a href=\"https:\/\/doi.org\/10.1186\/s13293-024-00635-x\">The impact of sex on gene expression in the brain of schizophrenic patients: a systematic review and meta-analysis of transcriptomic studies<\/a><\/em><span style=\"color: initial;\"><em>.<\/em> <span style=\"color: #000000;\">H Carceller, MR Hidalgo, MJ Escarti, J Nacher, M Iglesia-Vaya, F Garcia-Garcia*.\u00a0<\/span><\/span><span style=\"color: #000000;\"><em><span style=\"color: #000000;\"><strong>Biology of Sex Differences<\/strong>\u00a02024 Jul 27.\u00a0doi:<\/span>\u00a0<\/em><\/span><a href=\"https:\/\/doi.org\/10.1186\/s13293-024-00635-x\">10.1186\/s13293-024-00635-x<\/a><span style=\"color: initial;\">\u00a0<\/span><\/li>\n<\/ol>\n<p><span style=\"color: #000000;\"><strong>Last congress contributions<\/strong>:<\/span><\/p>\n<ol>\n<li><span style=\"color: #000000;\"><em>Characterising sex differences in neurodegenerative diseases using novel functional genomics strategies<\/em>. MR Hidalgo, I Soler-S\u00e1ez, F Gordillo-Gonz\u00e1lez, B G\u00f3mez-Caba\u00f1es, Z Andreu, H Carceller, J Llera-Oyola, B Ros\u00f3n, A L\u00f3pez-Cerd\u00e1n, JF Catal\u00e0-Senent, A Porlan, M Pozo-Morales, R Grillo-Risco, P Malmierca-Merlo, I P\u00e9rez-D\u00edez, R S\u00e1nchez-Garc\u00eda, M de la Iglesia-Vay\u00e1, R Mancuso, FR Guerini, A Mizokami, F Garc\u00eda-Garc\u00eda.<\/span>\u00a0<a href=\"https:\/\/www.geneticahumana.org\/\">Congreso Interdisciplinar en Gen\u00e9tica Humana. 15-17 de Noviembre 2023, M\u00e1laga, Espa\u00f1a<\/a>.<\/li>\n<li><span style=\"color: #000000;\"><em>Common hallmarks between melanoma brain metastases and Alzheimer\u2019s disease.\u00a0<\/em><\/span><a href=\"https:\/\/www.scs2023.iscbsc.org\/\">ISCB-SCS 19th Student Council Symposium on July 23rd, 2023. Lyon, France<\/a>. <span style=\"color: #000000;\">I Soler-S\u00e1ez, A Karz, A L\u00f3pez-Cerd\u00e1n, JF Catal\u00e0-Senent, G Ant\u00f3n-Bernat, M de la Iglesia-Vay\u00e1, MR Hidalgo, E Hernando, F Garc\u00eda-Garc\u00eda.<\/span><\/li>\n<li><em><span style=\"color: #000000;\">Sex differences in Alzheimer\u2019s disease through meta-analysis of single cell studies.<\/span>\u00a0<\/em><a href=\"https:\/\/www.scs2023.iscbsc.org\/\">ISCB-SCS 19th Student Council Symposium on July 23rd, 2023. Lyon, France<\/a>. <span style=\"color: #000000;\">B G\u00f3mez-Caba\u00f1es, I Soler-S\u00e1ez, F Gordillo, H Carceller, MR Hidalgo, F Garc\u00eda-Garc\u00eda.<\/span><\/li>\n<li><span style=\"color: #000000;\"><em>Statistical methodology for functional meta-analysis of sex-based disparities in neurological diseases.<\/em>\u00a0The 10th International Congress on Industrial and Applied Mathematics 20-25 Aug. 2023, Waseda University, Tokyo, Japan.<\/span>\u00a0<a href=\"https:\/\/iciam2023.org\/\">https:\/\/iciam2023.org<\/a>. <span style=\"color: #000000;\">MR Hidalgo, F Garcia-Garcia, B Gomez-Caba\u00f1es, C Perpi\u00f1a-Clerigues, I Soler-Saez, F Gordillo, G Anton-Bernat, A L\u00f3pez-Cerdan, R Grillo-Risco, JF Catal\u00e0-Senent.<\/span><\/li>\n<li><span style=\"color: #000000;\"><em>Molecular and functional atlas of sex-differences in secondary-progressive multiple sclerosis: neurons characterization<\/em>.<\/span>\u00a0<a href=\"https:\/\/wbds.la\/conferences\/3WBDSLAC\/\">3rd Women in Bioinformatics &amp; Data Science LA Conference, 20-23 Sep 2022<\/a>. <span style=\"color: #000000;\">I Soler-S\u00e1ez, Z Andreu, JF Catal\u00e0-Senent, R Grillo-Risco, A L\u00f3pez-Cerd\u00e1n, A Neva-Alejo, B G\u00f3mez-Caba\u00f1es, H Carceller, M de la Iglesia-Vay\u00e1, MR Hidalgo and F Garc\u00eda-Garc\u00eda.<\/span><\/li>\n<li><span style=\"color: #000000;\"><em>Identifying microRNA biomarkers in Multiple Sclerosis exhibiting a sex-related differential pattern<\/em><\/span>.\u00a0<a href=\"https:\/\/wbds.la\/conferences\/3WBDSLAC\/\">3rd Women in Bioinformatics &amp; Data Science LA Conference, 20-23 Sep 2022<\/a>. <span style=\"color: #000000;\">Ester Mu\u00f1oz del Campo, Jos\u00e9 Francisco Catal\u00e0-Senent and Francisco Garc\u00eda-Garc\u00eda.<\/span><\/li>\n<li><span style=\"color: #000000;\"><em>Novel integration of single cell transcriptomics studies for the characterization of sex differences in Parkinson disease<\/em>.<\/span>\u00a0<a href=\"https:\/\/wbds.la\/conferences\/3WBDSLAC\/\">3rd Women in Bioinformatics &amp; Data Science LA Conference, 20-23 Sep 2022<\/a>. <span style=\"color: #000000;\">F Gordillo, J Llera Oyola, I Soler-Saez, MR Hidalgo, Z Andreu, M de la Iglesia-Vay\u00e1, H Carceller and F Garc\u00eda Garc\u00eda.<\/span><\/li>\n<li><em>S<span style=\"color: #000000;\">ex-differences in Alzheimer\u2019s disease: a meta-analysis of microRNA studies<\/span><\/em><span style=\"color: #000000;\">.<\/span>\u00a0<a href=\"https:\/\/wbds.la\/conferences\/3WBDSLAC\/\">3rd Women in Bioinformatics &amp; Data Science LA Conference, 20-23 Sep 2022<\/a>. <span style=\"color: #000000;\">J Llera Oyola, Z Andreu, I Soler- S\u00e1ez, F Gordillo, H Carceller, M de la Iglesia Vay\u00e1, MR Hidalgo and F Garc\u00eda Garc\u00eda.<\/span><\/li>\n<li><span style=\"color: #000000;\"><em>Sex differences in the molecular basis of multiple sclerosis: meta-analysis of transcriptomic data<\/em>.<\/span>\u00a0<a href=\"https:\/\/eccb2022.org\/\">21st European Conference on Computational Biology. 12-21 Sep 2022, Sitges, Barcelona.<\/a>\u00a0<span style=\"color: #000000;\">JF Catal\u00e0-Senent, Z Andreu, MR Hidalgo, FJ Roig, N Yanguas-Cas\u00e1s, A Neva-Alejo, A L\u00f3pez-Cerd\u00e1n, I Soler-S\u00e1ez, M de la Iglesia-Vay\u00e1, F Garc\u00eda-Garc\u00eda.<\/span><\/li>\n<li><span style=\"color: #000000;\"><em>Molecular and functional atlas of sex-differences in multiple sclerosis subtypes analising single cell and single nucleus transcriptomic data<\/em>.\u00a0<\/span><a href=\"https:\/\/eccb2022.org\/\">21st European Conference on Computational Biology. 12-21 Sep 2022, Sitges, Barcelona.<\/a>\u00a0<span style=\"color: #000000;\">I Soler-S\u00e1ez, Z Andreu, JF Catal\u00e0-Senent, R Grillo-Risco, A L\u00f3pez-Cerd\u00e1n, A Neva-Alejo, B G\u00f3mez, H Carceller, M de la Iglesia-Vay\u00e1, MR Hidalgo, F Garc\u00eda-Garc\u00eda.<\/span><\/li>\n<\/ol>\n<p><span style=\"color: #000000;\"><strong>Media:\u00a0 <\/strong><\/span><\/p>\n<ul>\n<li><a href=\"https:\/\/www.youtube.com\/watch?v=kThqjTBHgCo\">DifNerOmics: Novel computational strategies for the study of sex differences in neurodenerative diseases (video)<\/a><\/li>\n<\/ul>\n<p><span style=\"color: #000000;\">This research was supported by and partially funded by the Institute of Health Carlos III (project IMPaCT-Data, exp. IMP\/00019), co-funded by the European Union, European Regional Development Fund (ERDF, \u201cA way to make Europe\u201d), and PID2021-124430OA-I00 funded by MICIU\/AEI\/10.13039\/501100011033\u00a0and by FEDER, UE. Irene Soler-S\u00e1ez thanks the Spanish Ministry of Universities for her predoctoral grant FPU20\/03544<\/span><\/p>\n<p>\u00a0<\/p>\n<hr \/>\n<h2><span style=\"color: #0000ff;\">CellsNer<\/span><\/h2>\n<h3><strong>Impact of sex differences in Parkinson&#8217;s and Alzheimer&#8217;s disease: a single-cell and spatial transcriptomic characterisation for the identification of new biomarkers of diagnosis and progression<\/strong><\/h3>\n<p><span style=\"color: #000000;\">The main objective of this project is the identification and evaluation of novel sex-specific differential gene expression signatures considering cell type and spatial localisation, to improve the diagnosis, treatment and prognosis of patients with Parkinson&#8217;s and Alzheimer&#8217;s disease. The results of our work will address questions that will be determinant for the elucidation of the molecular mechanisms underlying sexual dimorphism in both diseases.<\/span><\/p>\n<p><img decoding=\"async\" loading=\"lazy\" class=\"alignnone  wp-image-1612\" src=\"https:\/\/bioinfo.cipf.es\/cbl\/wp-content\/uploads\/2025\/01\/FigureProposals_englishVersion-1-300x217.png\" alt=\"\" width=\"883\" height=\"639\" srcset=\"https:\/\/bioinfo.cipf.es\/cbl\/wp-content\/uploads\/2025\/01\/FigureProposals_englishVersion-1-300x217.png 300w, https:\/\/bioinfo.cipf.es\/cbl\/wp-content\/uploads\/2025\/01\/FigureProposals_englishVersion-1-1024x740.png 1024w, https:\/\/bioinfo.cipf.es\/cbl\/wp-content\/uploads\/2025\/01\/FigureProposals_englishVersion-1-768x555.png 768w, https:\/\/bioinfo.cipf.es\/cbl\/wp-content\/uploads\/2025\/01\/FigureProposals_englishVersion-1.png 1476w\" sizes=\"(max-width: 883px) 100vw, 883px\" \/><\/p>\n<hr \/>\n<h2><span style=\"color: #0000ff;\">eCAN Plus<\/span><\/h2>\n<h3>Enhancing the digital capabilities of cancer centres in the European Union to improve prevention and care<\/h3>\n<p>&#x27a1;&#xfe0f; <span style=\"color: #3366ff;\"><a style=\"color: #3366ff;\" href=\"https:\/\/health.ec.europa.eu\/non-communicable-diseases\/cancer\/europes-beating-cancer-plan-eu4health-financed-projects\/projects\/ecan-plus_en\">eCAN Plus<\/a><\/span> <span style=\"color: #000000;\">aims to promote cancer prevention and treatment through digital health solutions \u2013 for the benefit of patients, healthcare professionals and citizens across Europe.<\/span><\/p>\n<p><span style=\"color: #000000;\">&#x1f4a1; The purpose of<\/span> <span style=\"color: #3366ff;\"><a style=\"color: #3366ff;\" href=\"https:\/\/health.ec.europa.eu\/non-communicable-diseases\/cancer\/europes-beating-cancer-plan-eu4health-financed-projects\/projects\/ecan-plus_en\">eCAN Plus<\/a><\/span> <span style=\"color: #000000;\">is to create a strong digital ecosystem where cancer patients and healthcare professionals can better navigate and utilize digital technologies for treatment, follow-up and self-care.<\/span><\/p>\n<p>&#x1f4cc; <span style=\"color: #000000;\">The project involves 83 partners from 23 EU countries \u2013 including regions, hospitals, cancer centres and patient organisations.<\/span><\/p>\n<p>&#x1f5d3; <span style=\"color: #000000;\">Project period: May 2025 &#8211; April 2029.<\/span><\/p>\n<p><img decoding=\"async\" loading=\"lazy\" class=\"alignnone  wp-image-1626\" src=\"https:\/\/bioinfo.cipf.es\/cbl\/wp-content\/uploads\/2025\/02\/1-300x136.png\" alt=\"\" width=\"794\" height=\"360\" srcset=\"https:\/\/bioinfo.cipf.es\/cbl\/wp-content\/uploads\/2025\/02\/1-300x136.png 300w, https:\/\/bioinfo.cipf.es\/cbl\/wp-content\/uploads\/2025\/02\/1-768x349.png 768w, https:\/\/bioinfo.cipf.es\/cbl\/wp-content\/uploads\/2025\/02\/1.png 1007w\" sizes=\"(max-width: 794px) 100vw, 794px\" \/><\/p>\n<p><span style=\"color: #000000;\">This research is supported by EU4H Project Grants. Project number: 101219434.\u00a0<\/span> \u00a0<span style=\"color: #3366ff;\"><a style=\"color: #3366ff;\" href=\"https:\/\/www.linkedin.com\/company\/ecanjointactioneu\/posts\/\">Last\u00a0 posts<\/a>.<\/span><\/p>\n<hr \/>\n<h2>\u00a0<\/h2>\n\n\n<hr class=\"wp-block-separator has-alpha-channel-opacity\"\/>\n","protected":false},"excerpt":{"rendered":"<p>MultiMBM,\u00a0 DifNerOmics,\u00a0 CellsNer,\u00a0eCAN Plus MultiMBM Novel computational strategies for the identification of a multi-omics signature for diagnosis and prognosis in melanoma with brain metastases Patients with metastatic melanoma have one of the highest frequencies of brain metastases when compared to patients with other cancers. In addition, they are less responsive to therapies and have the&hellip; <br \/> <a class=\"read-more\" href=\"https:\/\/bioinfo.cipf.es\/cbl\/projects\/\">Leer m\u00e1s<\/a><\/p>\n","protected":false},"author":2,"featured_media":200,"parent":0,"menu_order":0,"comment_status":"closed","ping_status":"closed","template":"","meta":[],"_links":{"self":[{"href":"https:\/\/bioinfo.cipf.es\/cbl\/wp-json\/wp\/v2\/pages\/199"}],"collection":[{"href":"https:\/\/bioinfo.cipf.es\/cbl\/wp-json\/wp\/v2\/pages"}],"about":[{"href":"https:\/\/bioinfo.cipf.es\/cbl\/wp-json\/wp\/v2\/types\/page"}],"author":[{"embeddable":true,"href":"https:\/\/bioinfo.cipf.es\/cbl\/wp-json\/wp\/v2\/users\/2"}],"replies":[{"embeddable":true,"href":"https:\/\/bioinfo.cipf.es\/cbl\/wp-json\/wp\/v2\/comments?post=199"}],"version-history":[{"count":72,"href":"https:\/\/bioinfo.cipf.es\/cbl\/wp-json\/wp\/v2\/pages\/199\/revisions"}],"predecessor-version":[{"id":1855,"href":"https:\/\/bioinfo.cipf.es\/cbl\/wp-json\/wp\/v2\/pages\/199\/revisions\/1855"}],"wp:featuredmedia":[{"embeddable":true,"href":"https:\/\/bioinfo.cipf.es\/cbl\/wp-json\/wp\/v2\/media\/200"}],"wp:attachment":[{"href":"https:\/\/bioinfo.cipf.es\/cbl\/wp-json\/wp\/v2\/media?parent=199"}],"curies":[{"name":"wp","href":"https:\/\/api.w.org\/{rel}","templated":true}]}}